 (1 - 29)?
8
Calculate 7 + (-7 - (2 + -7)) + 1 + 5.
11
Evaluate (32 - 22 - 7) + -10.
-7
Calculate 3 + -1 - (2162 - 2191).
31
24 + (19 - 30) + (-17 - -2)
-2
Evaluate 55 + -71 + (-3 - (-3 - (-1 - 1))).
-18
-14 + 3 + 19 - 14 - (0 - -15)
-21
2 + 5 - (29 - 16 - 8)
2
Calculate -26 - (-1 + -9 + -3) - 10.
-23
Calculate -9 + 1 + (1 - 0) + 39 + -62.
-30
5 + (-3 + 3 - -7) + 15 + -25
2
What is -10 + (25 - 13) + -11?
-9
What is the value of (12 - (46 + (-14 - -12))) + 14?
-18
What is the value of -10 - 0 - (311 + -319)?
-2
310 + -324 + (3 - -27)
16
What is (-4 - -12) + -3 + (-3 - 3) + 19?
18
98 + -170 + 59 + (-1 - (0 + -1))
-13
Evaluate (0 - (10 + -1)) + (1141 - 1117).
15
Calculate (-10 + 5 - -2) + (3 - (4 - 1)).
-3
What is -10 - 1 - (-34 + 28) - (-1 + -3)?
-1
Calculate (5 - (-6 + 15) - 1) + 8 + -3.
0
Calculate 32 + (-11 - (-3 - -14)).
10
Evaluate -13 + -1 - 13 - -44.
17
(-6 - -5) + 5 + -6 + -4 - 9
-15
What is the value of (45 - 53) + (23 - -2) + (-1 - -1)?
17
15 + 15 + -17 + -11 + 7
9
(-6 + -1 - 6) + 18
5
Evaluate 16 - (-19 - -57) - -20 - (-1 + -18).
17
What is the value of 12 + (4 - 16) - -1?
1
Calculate -1 + 15 + 4 + 16 + -31.
3
Calculate 7 - ((-10 - -6) + 3 + 6).
2
(-1 - ((-13 - (4 + -9)) + 4)) + 8
11
-14 + -3 + (-11 - (-19 - -9))
-18
Calculate 38 + -40 + -7 + -2 + 5.
-6
Calculate (11 - 20) + 13 - (1 + -6).
9
Evaluate 5 + -1 + -6 + 7 + -6.
-1
Evaluate 223 - 210 - (4 - 6).
15
0 + (-32 - -58) + -6 + 0 + -7
13
What is the value of (-5 - (-32 - -19)) + (-32 - 6) + 6?
-24
What is 22 - (14 + -2 - (12 + -9))?
13
What is 300 - 288 - (-1 - -4 - -2)?
7
Calculate 0 + 24 + -14 + -23.
-13
What is 3 + 2 + (0 - 8) + 7?
4
What is the value of (9 - 6) + 4 + 3 + -6 + -14?
-10
What is 10 + -17 + (1 - -19) + 3 + 1?
17
What is the value of 5 - (8 + (2 - -4) + -13 + 7)?
-3
What is -27 + 27 + -15 + 3?
-12
7 + -3 + 2 + (14 - 24)
-4
What is -36 + (9 - 12 - -1) - -11?
-27
What is the value of (3 - -23) + (12 - 26)?
12
What is the value of 16 + (2 - (7 + -1))?
12
What is the value of 9 - (-14 + 34) - (-5 + (-1 - -6))?
-11
-6 - (-14 - (-4 + -2) - 5)
7
Calculate 9 + (-12 - (4 + 9)) - -6.
-10
What is the value of 7 + -4 + 6 + 1 + -21?
-11
What is (-23 - -14 - -29) + -14 + -16?
-10
-2 - (-8 + 6 - -3 - 1)
-2
What is the value of 20 + 6 + (-1 - -2 - 16)?
11
4 - (6 + 2 + -6 - -4)
-2
What is 1 + (-6 - -9 - -10) - 1?
13
What is 14 - 0 - (1 - (5 + (1 - -2)))?
21
(-9 - (1 - 1)) + (23 - -9 - 32)
-9
Evaluate (-1 - -1 - 4 - 2) + -11.
-17
Evaluate 3 + 0 + 7 + (9 - (-9 + 19)).
9
Evaluate 19 + (5 - (-9 - (-12 - 2))).
19
5 + (-4 - -5) + (-4 - (-4 + 1))
5
(168 - 177) + -3 + (-3 - -2 - -5)
-8
What is the value of 43 + (-57 - -15) - (1 - -9)?
-9
What is (-1 - (-13 + 9)) + -15 + -7?
-19
What is (-9 - 6) + 1 - -8?
-6
What is the value of (-21 - -24) + 0 + -3 - 5?
-5
What is the value of -8 - (0 + -11) - (1 + 3 - 1)?
0
What is -6 - -1 - (4 - (-3 - -4))?
-8
Calculate (7 - -9 - 8) + -22 - -1.
-13
-10 + -17 + 36 + 10 + 11
30
Calculate 28 - -4 - 55 - (-1 + 0 + 8).
-30
(-21 - (1 - 4)) + 9
-9
Evaluate -10 - (-8 + 11) - (3 + -6).
-10
What is -12 - (1 + -2 - 10)?
-1
Calculate -1 + 1 + 3 - (-89 - (-100 + 13)).
5
What is (-7 + -1 - (-10 - 5)) + -6?
1
Evaluate 3 + -1 + 2 + 6 + -16.
-6
What is 9 + (-36 - -35) + -24?
-16
(-2 - -5) + 2 - (-6 - -2) - 5
4
Evaluate (9 - 2) + (-14 - -4) - (7 + 0).
-10
What is the value of 1 + -3 + 28 + -34 + -8 + 2?
-14
Calculate 9 + (29 + -38 - -25).
25
(36 - 45) + 8 + -4 + (0 - 1)
-6
-14 + 34 + (-12 - 8)
0
10 + -1 + -10 + 26 + -18
7
Calculate -1 + 14 + -17 + -1 + 10 + 0.
5
Evaluate -13 - 8 - (1 + -6).
-16
Calculate (-10 - 2) + (106 - 84).
10
What is the value of -9 - (6 + -28) - 20?
-7
Evaluate (29 - (2 + -5 + 0)) + 101 + -107.
26
Evaluate (31 + -3 - -9) + -31.
6
Calculate 9 - 19 - -28 - 49 - (-10 + 2).
-23
Evaluate (48 - (33 - -9)) + (17 - 2).
21
Calculate (-1 - 6 - (-6 - 7)) + (1 - -1).
8
8 - (-16 - (-36 + -2))
-14
What is the value of 4 + 12 - (-2 - ((-9 - -3) + -1))?
11
Calculate (16 - (-1 - -2)) + (-2 - 62 - -61).
12
What is 43 + 0 - 43 - (1 + 0 + -12)?
11
(-40 - (-23 + 6)) + 13
-10
What is (0 - -24) + (19 - -48) + -59?
32
-2 + -3 + (-72 - -73)
-4
What is -41 + 37 + -13 + -12 - (-8 - -5)?
-26
15 + (21 + -60 - -15)
-9
-57 - -42 - (1 + -21)
5
What is 7 - (20 + (1 - (8 + -5)))?
-11
(2 - 26) + (13 - (3 + -14 + 21))
-21
What is the value of 11 + (15 - (-11 + 11 + 4))?
22
Calculate 2 + (-2 - (11 - 5)).
-6
-21 + (-114 - -130 - (1 - -22))
-28
What is 22 - ((-23 - -112) + -31)?
-36
(6 - 0 - (-1 - -5 - 2)) + -23
-19
What is the value of -3 - ((-6 - -14) + -7)?
-4
Calculate 12 + -14 + -12 + 14 + 16.
16
(-5 - (16 - 22) - (-2 - 1)) + 4
8
What is the value of -9 - 12 - (145 - 132)?
-34
-4 - (-15 - -8) - (11 + 5)
-13
Evaluate (32 - 21) + -16 + (-3 - -10) - 12.
-10
Evaluate 25 - 14 - (-3 + 7 + -3).
10
Calculate 4 - 0 - (4 + (2 - 16) + 3).
11
Evaluate 14 + (-9 - 15) + 55 + -27.
18
What is 3 - 5 - ((-10 - (11 + -5)) + 1)?
13
Calculate ((-14 - -7) + 12 - 8) + 3 + 4.
4
Evaluate -8 - (-18 + 10) - 5.
-5
Evaluate 9 - (-14 - -8 - -39).
-24
Calculate -41 + 22 + 22 + 0 + -11 + 2.
-6
Evaluate 6 - (9 - 17) - 30.
-16
7 + -36 + (-15 + 17 - 10)
-37
Evaluate (20 - (23 + -22)) + -25.
-6
What is the value of -3 - -13 - (10 + 3) - 8?
-11
Evaluate (-15 - 0 - (-49 - -27)) + (1 - 1).
7
Calculate (17 - 14) + -10 + (29 - 8).
14
What is (950 - 931) + 1 + -43?
-23
-12 + (0 - -2) + (161 - 169)
-18
What is the value of -6 - (1 - 8) - ((-6 - -1) + 30)?
-24
Calculate 26 + (-57 - -41) - (0 - -22).
-12
Evaluate -3 - (5 + 5 + -22 + -9).
18
Evaluate (-4 - -1) + (254 - 236).
15
What is the value of -14 + 4 - (5 - (13 + -3))?
-5
Evaluate -33 - (15 + -4 + -24).
-20
Evaluate (5 - (3 - (2 + -1))) + -13 + 17.
7
Calculate (13 - 28) + (32 - 12) + (0 - 10).
-5
What is 7 + -18 + (8 - -2) + 3?
2
Calculate (3 - 2) + -37 + (-153 - -169).
-20
Calculate 39 + 9 + -1 + 0 + -23.
24
Calculate -38 + -32 + -41 + 88.
-23
Calculate -3 - 2 - 2 - (-40 - -43).
-10
4 + -5 + (-16 - -14)
-3
Evaluate (12 - (18 - 6)) + (1 - 1 - -17).
17
-4 - (7 + 2 - 11 - -5)
-7
Evaluate (-1 - -10 - (29 + -21)) + -22.
-21
What is the value of 53 + -42 + -8 + 5 + 26?
34
What is the value of (0 + -6 - 1) + -89 + 98?
2
-6 - (-2 + 0) - (-2 + 10)
-12
Evaluate (-6 - (-21 + 8)) + (2 - -3) + -7.
5
-1 + 7 - ((-73 - -20) + 53)
6
What is (1 - (28 + -29)) + -1 + 17?
18
Calculate (-26 + 3 - (0 + -14)) + -12.
-21
What is -6 + 0 + 2 - (-7 - (-4 + -4))?
-5
Evaluate (20 - (-29 - -83)) + 24.
-10
What is 35 - ((-29 + 15 - -26) + -9)?
32
What is the value of -19 + 1 - -28 - (-3 - (-12 + 1))?
2
What is 8 - (-19 + 10 + -17 - (1 + 0))?
35
Evaluate (-4 - -3) + -5 - (-6 - 3 - -6).
-3
Evaluate 5 + -9 + -24 + 21.
-7
Calculate -10 - -2 - -7 - (8 - -8).
-17
What is (9 - 3) + -9 + (14 - 15)?
-4
Calculate (87 - 98) + 0 + -4 + 1.
-14
Evaluate -3 - ((0 - -2) + -2 + 1 + 6).
-10
-5 - (7 - 20) - ((2 - 5) + -7)
18
4 + -14 + 9 + -3 + -9
-13
What is -27 + (-5 - (-8 - (6 - 15 - -15)))?
-18
-24 + 14 - 15 - -8
-17
-309 + 320 - (3 - 0 - 0)
8
What is the value of (1 - -6) + (-13 - -17 - -3)?
14
What is 9 - (1 - -15) - 9 - -3?
-13
What is the value of 36 + -25 - (1 + 6)?
4
What is the value of -2 + 1 - (7 + -8 + 0) - 2?
-2
Calculate -1 + (3 + -8 - -5) + 8.
7
Calculate (-3 - (9 - -8)) + -2 + (-2 - -4).
-20
What is the value of 3 + -4 - (26 + -4)?
-23
Evaluate -12 + 205 + -194 + -26 + -1.
-28
What is -11 - (19 - (22 - 3))?
-11
(0 - -17) + (-40 - -28)
5
(-13 - (2 + 1)) + -5 - -40
19
Calculate -2 - (5 + (-3 - -6)).
-10
What is 28 + 2 + (0 - -5) + (67 - 73)?
29
(-15 - (8 + -3)) + (-1 - (-11 + 3))
-13
Evaluate -11 - -15 - (9 - (21 - 7)).
9
What is -336 + 315 - (1 + -10)?
-12
What is 4 - (-8 + -6 - -31)?
-13
-1 + 7 - (1 - -18) - (1 + -1)
-13
Calculate (6 - 20 - -7) + 4 + -6 + 4.
-5
What is -1 + 0 - (22 + -31 + 23)?
-15
What is the value of -2 + 16 + 10 + -20?
4
What is the value of 10 - ((6 - 13) + 0) - 8 - 0?
9
What is 2 - (3 + -1 + (-31 - -68))?
-37
-15 - (6 + -12 + 0 + (48 - 49))
-8
What is the value of 33 - (1 + -4 + (-5 - -14))?
27
Calculate 0 + 15 + -15 + 2.
2
What is 3 + -2 + 4 + (-23 - -27)?
9
Evaluate -2 - (-11 + 24 + -29 + 25 + 0).
-11
Calculate -1 + 4 + 2 + -1 + 13 + -4.
13
Evaluate ((1 - -2) + -7 - -13) + (-6 - -21).
24
What is the value of -9 - ((28 - (29 - 15)) + -2)?
-21
Evaluate 0 + 0 - 1 - 3 - (-12 - -16)